 ((-15)/30)/((-2)/(-4)) + 1. Suppose r = -20*f + 18375 + 3705. What is the tens digit of f?
0
Suppose 52828 - 7868 = 40*t. Let s = -778 + t. What is the tens digit of s?
4
Let d = -20 + 32. Let h(z) = 93*z + d - 180*z + 88*z. What is the tens digit of h(16)?
2
Let k(o) = 2*o**3 - 5*o**2 + o + 3. Let p(l) = -3*l**3 + 10*l**2 - l - 7. Let x(r) = -5*k(r) - 3*p(r). What is the tens digit of x(-5)?
1
Let p be -5 - (-6)/12*1174. What is the tens digit of p/10 + (-8)/40?
5
Let n = 120 + -117. Suppose 5*s - 1562 = n*m, s + 5*m + 1247 = 5*s. What is the units digit of s?
3
Suppose -3*r = 10 + 17. Let h(t) = -11*t**2 - 4*t + 48. Let j(p) = -5*p**2 - p + 24. Let o(a) = -6*h(a) + 13*j(a). What is the units digit of o(r)?
6
Suppose -379021 = -15*l + 84839. What is the thousands digit of l?
0
Let q(x) = x**3 + 15*x**2 - 45*x - 160. What is the thousands digit of q(17)?
8
Suppose -2*p = 4*w + 2, -8*p + 5*p + w = -4. Let x(r) = 494*r**2 - 13*r + 1. What is the hundreds digit of x(p)?
4
Suppose -2*k + 4*z + 2 = 2*z, 1 = 3*k - 4*z. Suppose 4*m - k*m + 5*o = -10, -2*o = -3*m + 21. Suppose 0 = -4*j + m + 195. What is the tens digit of j?
5
Suppose -2*s - 14*s + 32 = 0. Suppose -y = -3*f + 1549, 3*f + s*y - 1296 = 241. What is the hundreds digit of f?
5
Let r be (2 - 0)*(-13)/26. Let c(u) = -2*u**2 + 2*u + 1. Let z be c(r). What is the units digit of ((-3)/z)/(3/252)?
4
Suppose 16*q = 9*q - 3892. Let h = -384 - q. What is the tens digit of h?
7
Suppose g + 14 = -4*u + 6*g, -g = 4*u + 2. What is the units digit of 3/(0 - u) + 71?
4
Suppose -3*v = 2*a - 3217, 3*v = -a + 6*a + 3182. Suppose w + 2*n - 341 = 0, 5*w + n - 654 - v = 0. What is the hundreds digit of w?
3
Let a = -377 + 377. Suppose 21*w - 25640 + 1511 = a. What is the tens digit of w?
4
Let s = 1659 + -829. What is the tens digit of 2/(0 - (-5)/s)?
3
Let k(b) = 470*b - 1868. What is the tens digit of k(60)?
3
Suppose -2*g = -7495 - 469. Let m = g + -2483. What is the hundreds digit of m?
4
Let r(m) = 220*m**2 - 86*m - 83. What is the units digit of r(-1)?
3
Let p(o) = o**3 + 37*o**2 + 11*o + 280. What is the hundreds digit of p(-33)?
2
Let l(p) = -3*p + 82. Let w(o) = 4*o - 80. Let y(g) = -5*l(g) - 6*w(g). What is the units digit of y(-9)?
1
Let r(s) be the third derivative of -s**4/3 - 3*s**3/2 + 2*s**2. Let x be r(-4). Suppose 4*b - x = 93. What is the tens digit of b?
2
Suppose -5*t + 30 = 6*v - v, 0 = 5*t - 5*v - 20. Let d = t + 12. Suppose 5*q - 38 = d. What is the units digit of q?
1
Let s(l) = -l**3 - l**2 - 10*l - 89. What is the hundreds digit of s(-11)?
2
Let n be 34996/54 + 20/(-270). Suppose -6*t - n = -3858. What is the hundreds digit of t?
5
Let u(f) = -40*f + 10*f + f**3 - 12*f**2 - 3*f**2 + 2*f**2 + 2. Let d be u(15). Suppose 5*p = -d*t + 74, 4*p - t = -3*t + 58. What is the units digit of p?
6
Let t(i) = -i**3 - 14*i**2 + 16*i + 18. Let p be 20*(-3 + (-27)/(-12)). Let y be t(p). Suppose y*u + 4*z - 66 = u, 3*u - 3*z = 144. What is the tens digit of u?
4
Let d(s) = 9*s + s**3 - 7*s**2 - 71 + 111 - 143. Let n(z) = z**3 - 8*z**2 + 10*z - 102. Let y(b) = -7*d(b) + 6*n(b). What is the units digit of y(0)?
9
Let q be (-3)/(-2) - (-111)/6. Let a = q - 125. Let x = a - -347. What is the tens digit of x?
4
Let d = -159 + 418. Let w be (-3)/12 - 1317/12. Let g = d + w. What is the units digit of g?
9
Suppose -3*l = -3*f - 4 + 1, 4*l + 4*f - 4 = 0. Let a(o) = 5 + o + 3*o + 0*o - l. What is the tens digit of a(2)?
1
Let f(g) = 44*g**2 + 5*g - 5. Let l be f(2). Let i = l + -99. What is the units digit of i?
2
Suppose -158*m + 874 = -181*m. Let t = 1 + 3. What is the units digit of m/(t - (-9)/(-2))?
6
Let k = 848 - 577. Let r = 161 - k. Let g = r - -340. What is the units digit of g?
0
Let i(f) = 22*f**2 - 18*f - 1. Let d be i(4). Suppose 4*t + 3*q = 4*q + d, 2*q + 208 = 3*t. What is the units digit of t?
0
Suppose 3*f - 6*f - 5*l + 1443 = 0, -4*f + 1901 = -l. What is the units digit of f?
6
Let m(r) = 2*r**2 + 18*r + 20. Let v(l) = l + 1. Let o be v(2). Let h(q) = -6*q + 7. Let p be h(o). What is the tens digit of m(p)?
6
Suppose 0 = -k + 4*m + 833, 42*m - 45*m - 3345 = -4*k. What is the hundreds digit of k?
8
Suppose -1175*y - 11438 = -1182*y. Suppose -5*c = 4*t - 1666, 0*c + 5*c = 4*t + y. What is the units digit of c?
0
Suppose -p + 66781 = 3*g - 12563, 5*g - 3*p - 132268 = 0. What is the ten thousands digit of g?
2
Let i = -169 - -174. Suppose i*q = 10*q - 1795. What is the units digit of q?
9
Let x(p) = 1009*p + 2153. What is the units digit of x(8)?
5
Suppose -i = -2*i + 5*l + 11, 0 = -5*l + 5. Suppose i = 7*m - 9*m. What is the units digit of 79 + (-4 - m)/(-4)?
8
Suppose -5*a = 22 - 202. Let b = a - 11. Let d = 29 - b. What is the units digit of d?
4
Let u be (-3)/((-22)/4 + 7). What is the tens digit of (u/8*1374)/((-9)/12)?
5
Suppose 7*s - 1657 = 709. Suppose -2*i = -s - 10. What is the units digit of i?
4
Suppose 0 = 5*c - 3*d + d + 1190, 4*c + 4*d + 924 = 0. Let g = -351 + 706. Let y = c + g. What is the hundreds digit of y?
1
Let p = 192 - 187. Suppose 0 = -5*j + 5*s + 1775, 0 = -p*s - 23 - 2. What is the units digit of j?
0
Let w(m) = m**3 + 10*m**2 - m + 5. Let a(p) = -p**2 - p - 1. Let i(k) = 5*a(k) - w(k). Let u be i(-15). Suppose 7*c - 419 - u = 0. What is the units digit of c?
7
Let a(g) = g**3 - 4*g + 1470. Let o be a(0). Suppose 2*z + o = 4*p, 2*z + 3 + 360 = p. What is the tens digit of p?
6
Suppose 0 = 9*r + 11*r - 21689 - 4251. What is the units digit of r?
7
Let b = -72 - -76. Let j be ((-15)/(-90))/((-2)/(-57))*b. Suppose 17*m - j*m + 2 = 0. What is the units digit of m?
1
Let w(s) = -29*s**3 + 2*s**2 - 7*s + 23. Let z be w(-5). Suppose -10*c + 5727 = -z. What is the units digit of c?
6
Let q be 1*(3 + -4) - (295 + 15). Let p = q - -671. What is the hundreds digit of p?
3
Let j(d) = d**3 + 5*d**2 - 7*d. Let t be j(-5). Let l be -6 + ((-173)/19 - (-262)/2489). Let y = t + l. What is the tens digit of y?
2
Suppose 47501 = -828*i + 833*i + 4*q, 3*i + 2*q - 28503 = 0. What is the units digit of i?
5
Suppose 9*t + 5*a = 12*t - 30396, 5*t - 50740 = -5*a. What is the thousands digit of t?
0
Let t = -20 + 25. Suppose 0 = -4*w - 2*d + 5*d + 75, 77 = 4*w - t*d. Suppose z + 0 = w. What is the units digit of z?
8
Suppose 8*s = 13*s - 4*g - 15376, 5*s + 4*g - 15344 = 0. What is the hundreds digit of s?
0
Let m(p) = -41*p - 33. Let x be (-112)/21*(83/(-4) - -2). Let t = x + -106. What is the units digit of m(t)?
3
Let a(o) = -o**3 - 7*o**2 + 15*o - 7. Let g be a(-15). Suppose g = -23*y + 4581. What is the units digit of y?
1
Suppose -4*c + 36 = 52, -25650 = -2*k + 4*c. What is the thousands digit of k?
2
Let u = 56942 - 36804. What is the tens digit of u?
3
Let q = -113 - -247. Let s = q - -29. What is the units digit of s?
3
Let i(c) = 40*c + 4. Let s(u) = 81*u + 7. Let n(k) = -13*i(k) + 6*s(k). What is the hundreds digit of n(-5)?
1
Let u(j) = 2927*j + 3375. What is the units digit of u(5)?
0
Suppose -405704 = 43*j + 67*j - 4836504. What is the hundreds digit of j?
2
Suppose 81*f = -5*f + 2596 + 758. Suppose -5*u = -2*m - 9 - 13, 5*u = -m + 34. Suppose f = u*a - 105. What is the units digit of a?
4
Suppose -13*y + 8*y + 10210 = 0. Let i = 3517 - y. What is the tens digit of i?
7
Let m = -379 + 332. What is the hundreds digit of m + 50 + 1 + 627?
6
Let y(t) = -t**3 + 25*t**2 + t + 56. Let x be y(26). What is the hundreds digit of ((-238)/(-51))/((-3)/x*3)?
3
Let o(f) = -f**2 - f + 5. Let c be o(-5). Let u(j) = -j**3 + 167*j**2 - 181*j**2 - 17 + 4*j - j**3 + j**3. What is the hundreds digit of u(c)?
1
Let f(w) = -w + 1 + 36*w**2 - 66*w**2 + 32*w**2. Let u be f(1). Suppose 0 = -u*n + n + 70. What is the units digit of n?
0
Let h = 65 - 59. Let s(k) = 20*k**2 + 13*k + 13. What is the tens digit of s(h)?
1
Suppose -97*p + 112*p - 152640 = 0. What is the tens digit of p?
7
Suppose -2*n + 6 = 0, 5*c + 5*n - 872 = 2843. What is the units digit of c?
0
Let q(p) = p**3 + 42*p**2 + 262*p - 51. Let r be q(-34). Let b = 7 - 5. Suppose -31 - r = -b*v. What is the hundreds digit of v?
1
Let t = 1883 - 1811. Let l = 8 - 11. What is the units digit of t - (-1 + (6/l)/(-2))?
2
Suppose 4*d - 22556 = -4*x, 5*x + 98*d - 28165 = 99*d. What is the units digit of x?
4
Suppose 802575 = 163*r - 794590 - 205